{"id":206,"date":"2024-04-01T09:38:34","date_gmt":"2024-04-01T09:38:34","guid":{"rendered":"http:\/\/psychotherapiewuerzburg.de\/wordpress\/?page_id=206"},"modified":"2024-04-01T09:38:34","modified_gmt":"2024-04-01T09:38:34","slug":"manuela-bergen","status":"publish","type":"page","link":"https:\/\/psychotherapiewuerzburg.de\/wordpress\/manuela-bergen\/","title":{"rendered":"Manuela Bergen"},"content":{"rendered":"\n<h2 class=\"wp-block-heading\" id=\"block-405cbcb5-8a3f-4f6d-822c-60e934452405\">Psychologin, M.Sc. <\/h2>\n\n\n\n<ul class=\"wp-block-list\" id=\"block-732e2a61-508b-4dbb-ab4b-d3320f6cea82\">\n<li>in Ausbildung zur Psychologischen Psychotherapeutin (Verhaltenstherapie)<\/li>\n<\/ul>\n\n\n\n<figure class=\"wp-block-image size-full is-resized\" id=\"block-4078adfd-370d-4b34-872b-fa66b91ff3fe\"><img loading=\"lazy\" decoding=\"async\" width=\"592\" height=\"800\" src=\"http:\/\/psychotherapiewuerzburg.de\/wordpress\/wp-content\/uploads\/2023\/12\/ManuelaBergen.jpg\" alt=\"\" class=\"wp-image-86\" style=\"width:239px;height:auto\" srcset=\"https:\/\/psychotherapiewuerzburg.de\/wordpress\/wp-content\/uploads\/2023\/12\/ManuelaBergen.jpg 592w, https:\/\/psychotherapiewuerzburg.de\/wordpress\/wp-content\/uploads\/2023\/12\/ManuelaBergen-222x300.jpg 222w\" sizes=\"auto, (max-width: 592px) 100vw, 592px\" \/><\/figure>\n\n\n\n<h3 class=\"wp-block-heading\" id=\"block-edcfbc41-cb01-4e23-a4d0-30ef8bc841d3\">Studium und Berufspraxis<\/h3>\n\n\n\n<ul class=\"wp-block-list\" id=\"block-e87c9a5f-11a1-490f-9e07-f4fab4c3e6b0\">\n<li>2015 bis 2018 Bachelorstudim der Psychologie an der Julius-Maximilians-Universit\u00e4t W\u00fcrzburg.<\/li>\n\n\n\n<li>2018 bis 2021 Masterstudium der Psychologie an der Julius-Maximilians-Universit\u00e4t W\u00fcrzburg.<\/li>\n\n\n\n<li>2021 bis 2022 Psychologin in Teilzeit in der Sozialtherapeutischen Abteilung f\u00fcr Sexualstraft\u00e4ter in der Justizvollzugsanstalt W\u00fcrzburg.<\/li>\n\n\n\n<li>2021 bis heute Psychologin in Teilzeit in der Forensischen Psychiatrie Lohr am Main.<\/li>\n\n\n\n<li>2022 bis heute Psychologin in der Psychotherapeutischen Gemeinschaftspraxis Fr\u00f6hlich &amp; Pototzky in W\u00fcrzburg.<\/li>\n<\/ul>\n\n\n\n<h3 class=\"wp-block-heading\" id=\"block-8c91fc77-affe-4808-b20e-b746079b0361\">Aus- und Weiterbildungen<\/h3>\n\n\n\n<ul class=\"wp-block-list\" id=\"block-4b0c5d74-94cb-46e8-965d-a029064301ee\">\n<li>Seit 2021 Weiterbildung zur Psychologischen Psychotherapeutin mit Fachrichtung Verhaltenstherapie am Institut f\u00fcr Verhaltenstherapie und Sexuologie (IVS) in F\u00fcrth.<\/li>\n<\/ul>\n","protected":false},"excerpt":{"rendered":"<p>Psychologin, M.Sc. Studium und Berufspraxis Aus- und Weiterbildungen<\/p>\n","protected":false},"author":1,"featured_media":0,"parent":0,"menu_order":0,"comment_status":"closed","ping_status":"closed","template":"","meta":{"footnotes":""},"class_list":["post-206","page","type-page","status-publish","hentry"],"_links":{"self":[{"href":"https:\/\/psychotherapiewuerzburg.de\/wordpress\/wp-json\/wp\/v2\/pages\/206","targetHints":{"allow":["GET"]}}],"collection":[{"href":"https:\/\/psychotherapiewuerzburg.de\/wordpress\/wp-json\/wp\/v2\/pages"}],"about":[{"href":"https:\/\/psychotherapiewuerzburg.de\/wordpress\/wp-json\/wp\/v2\/types\/page"}],"author":[{"embeddable":true,"href":"https:\/\/psychotherapiewuerzburg.de\/wordpress\/wp-json\/wp\/v2\/users\/1"}],"replies":[{"embeddable":true,"href":"https:\/\/psychotherapiewuerzburg.de\/wordpress\/wp-json\/wp\/v2\/comments?post=206"}],"version-history":[{"count":1,"href":"https:\/\/psychotherapiewuerzburg.de\/wordpress\/wp-json\/wp\/v2\/pages\/206\/revisions"}],"predecessor-version":[{"id":207,"href":"https:\/\/psychotherapiewuerzburg.de\/wordpress\/wp-json\/wp\/v2\/pages\/206\/revisions\/207"}],"wp:attachment":[{"href":"https:\/\/psychotherapiewuerzburg.de\/wordpress\/wp-json\/wp\/v2\/media?parent=206"}],"curies":[{"name":"wp","href":"https:\/\/api.w.org\/{rel}","templated":true}]}}