{"id":62,"date":"2023-12-29T10:21:43","date_gmt":"2023-12-29T10:21:43","guid":{"rendered":"http:\/\/psychotherapiewuerzburg.de\/wordpress\/?page_id=62"},"modified":"2024-01-07T13:56:11","modified_gmt":"2024-01-07T13:56:11","slug":"wilhelm-pototzky","status":"publish","type":"page","link":"http:\/\/psychotherapiewuerzburg.de\/wordpress\/wilhelm-pototzky\/","title":{"rendered":"Wilhelm Pototzky"},"content":{"rendered":"\n<h2 class=\"wp-block-heading has-large-font-size\">Psychologischer Psychotherapeut <\/h2>\n\n\n\n<ul class=\"wp-block-list\">\n<li>Verhaltenstherapie<\/li>\n\n\n\n<li>Gruppentherapie<\/li>\n\n\n\n<li>Supervision<\/li>\n<\/ul>\n\n\n\n<figure class=\"wp-block-image size-full is-resized\"><img loading=\"lazy\" decoding=\"async\" width=\"209\" height=\"314\" src=\"http:\/\/psychotherapiewuerzburg.de\/wordpress\/wp-content\/uploads\/2023\/12\/Pototzky01.jpg\" alt=\"\" class=\"wp-image-26\" style=\"width:200px\" srcset=\"http:\/\/psychotherapiewuerzburg.de\/wordpress\/wp-content\/uploads\/2023\/12\/Pototzky01.jpg 209w, http:\/\/psychotherapiewuerzburg.de\/wordpress\/wp-content\/uploads\/2023\/12\/Pototzky01-200x300.jpg 200w\" sizes=\"auto, (max-width: 209px) 100vw, 209px\" \/><\/figure>\n\n\n\n<p><\/p>\n\n\n\n<h3 class=\"wp-block-heading\">Studium und Berufspraxis<\/h3>\n\n\n\n<ul class=\"wp-block-list\">\n<li>Studium der Psychologie in W\u00fcrzburg von 1981 bis 1988<\/li>\n\n\n\n<li>Wissenschaftlicher Mitarbeiter der Univ.-Nervenklinik W\u00fcrzburg von 1988-1993<\/li>\n\n\n\n<li>seit 1993 Diplom-Psychologe im Krankenhaus f\u00fcr Psychiatrie, Psychotherapie und Psychosomatische Medizin Schlo\u00df Werneck<\/li>\n\n\n\n<li>seit 1999 in freier Praxis t\u00e4tig<\/li>\n\n\n\n<li>Anerkennung als Supervisor f\u00fcr das Centrum f\u00fcr Integrative Psychotherapie, Bamberg (CIP), dem Institut f\u00fcr Verhaltenstherapie, Verhaltensmedizin und Sexuologie, N\u00fcrnberg (IVS) und dem Weiterbildungsgang Psychologische Psychotherapie am Lehrstuhl f\u00fcr Psychologie I in W\u00fcrzburg (WAPP).<\/li>\n<\/ul>\n\n\n\n<h3 class=\"wp-block-heading\">Aus- und Weiterbildungen<\/h3>\n\n\n\n<ul class=\"wp-block-list\">\n<li>zum Klinischen Psychologen\/Psychotherapeuten mit Schwerpunkt Verhaltenstherapie beim Institut f\u00fcr Therapieforschung (IFT) M\u00fcnchen 1990-1993<\/li>\n\n\n\n<li>2008 Zertifizierung zum Fachpsychologen f\u00fcr Psychiatrie gem\u00e4\u00df dem &#8220;Curriculum f\u00fcr die Fortbildung zum Fachpsychologen f\u00fcr Psychiatrie&#8221; des Verbandes der bayerischen Bezirke<\/li>\n\n\n\n<li>Hypnotherapie bei der Milton Erickson Gesellschaft (MEG)<\/li>\n\n\n\n<li>EMDR<\/li>\n<\/ul>\n\n\n\n<p><\/p>\n\n\n\n<h3 class=\"wp-block-heading\">Mitgliedschaften<\/h3>\n\n\n\n<ul class=\"wp-block-list\">\n<li>Bayerische Landeskammer der Psychologischen Psychotherapeuten und Kinder- und Jugendlichentherapeuten (PTK Bayern)<\/li>\n\n\n\n<li>Deutsche PsychotherapeutenVereinigung (DPtV)<\/li>\n<\/ul>\n","protected":false},"excerpt":{"rendered":"<p>Psychologischer Psychotherapeut Studium und Berufspraxis Aus- und Weiterbildungen Mitgliedschaften<\/p>\n","protected":false},"author":1,"featured_media":0,"parent":0,"menu_order":0,"comment_status":"closed","ping_status":"closed","template":"","meta":{"footnotes":""},"class_list":["post-62","page","type-page","status-publish","hentry"],"_links":{"self":[{"href":"http:\/\/psychotherapiewuerzburg.de\/wordpress\/wp-json\/wp\/v2\/pages\/62","targetHints":{"allow":["GET"]}}],"collection":[{"href":"http:\/\/psychotherapiewuerzburg.de\/wordpress\/wp-json\/wp\/v2\/pages"}],"about":[{"href":"http:\/\/psychotherapiewuerzburg.de\/wordpress\/wp-json\/wp\/v2\/types\/page"}],"author":[{"embeddable":true,"href":"http:\/\/psychotherapiewuerzburg.de\/wordpress\/wp-json\/wp\/v2\/users\/1"}],"replies":[{"embeddable":true,"href":"http:\/\/psychotherapiewuerzburg.de\/wordpress\/wp-json\/wp\/v2\/comments?post=62"}],"version-history":[{"count":4,"href":"http:\/\/psychotherapiewuerzburg.de\/wordpress\/wp-json\/wp\/v2\/pages\/62\/revisions"}],"predecessor-version":[{"id":127,"href":"http:\/\/psychotherapiewuerzburg.de\/wordpress\/wp-json\/wp\/v2\/pages\/62\/revisions\/127"}],"wp:attachment":[{"href":"http:\/\/psychotherapiewuerzburg.de\/wordpress\/wp-json\/wp\/v2\/media?parent=62"}],"curies":[{"name":"wp","href":"https:\/\/api.w.org\/{rel}","templated":true}]}}